the greatest common divisor of 12 and f?
12
Suppose 0 = 244*m - 4619568 + 1636668. Calculate the greatest common factor of m and 75.
75
Suppose 4*s - 4*z = 408, -3*z = 3*s + 463 - 733. Calculate the highest common divisor of s and 8592.
48
Let k(u) = -9*u**3 - 3*u**2 - 7*u - 14. Let o be k(-2). Let f be (86/4 + 1)*24/15. What is the highest common divisor of f and o?
12
Let v(h) = 3*h**2 + 61*h + 674. Let z be v(-12). Calculate the greatest common divisor of 2156 and z.
22
Let g(i) = -30*i + 595. Let v be g(9). What is the highest common factor of v and 1690?
65
Let f be 1/6*0 - (-12)/6. What is the highest common factor of f and 14?
2
Let j be (-4)/8 - 79/(-2). Let b be (-44)/66*-12*3. Let c be 6/12*(b + 2). Calculate the highest common factor of j and c.
13
Let v = -8 - -20. Suppose -4*n - 2*b + 4406 = 0, -5*b = 6*n - 10*n + 4427. Suppose -60 = -n*c + 1099*c. Calculate the highest common factor of c and v.
3
Let l(x) = x**3 + 10*x**2 - 3*x - 35. Let t be l(-9). Suppose -5*j = 4*w - t, 2 - 24 = -w - 2*j. What is the highest common divisor of w and 168?
12
Let a(n) = n**2 - 5*n - 2. Let o be a(8). Let w = 38 + 69. Suppose -5*t - 4*p + w = -891, t - 3*p = 192. Calculate the highest common factor of o and t.
22
Let i(m) = -m**2 - 26*m + 61. Let o be i(-28). Suppose -2*t = -3*q - 100, -3*t - o*q = -q - 116. What is the greatest common factor of 12 and t?
4
Let j be 562/5 + (-10)/25. Let d be -2 - (1 + -2 - 26). Suppose 21*n - d*n = -64. What is the greatest common divisor of j and n?
16
Suppose -c + 2400 = 19*d - 14*d, -4*d - 4*c + 1920 = 0. What is the highest common factor of 4740 and d?
60
Suppose 74*r + 1292 = 2662 + 2774. Calculate the greatest common factor of r and 1603.
7
Let z(j) = 145*j - 146*j + 22*j**2 + 14*j**2. Let d be z(1). What is the greatest common divisor of 210 and d?
35
Let y be 15*226*((-170)/(-25) + -6). Calculate the greatest common divisor of y and 24.
24
Let f = 35126 - 21278. Calculate the highest common divisor of 48 and f.
24
Let y = 184 + -271. Let b = 141 + y. What is the highest common divisor of 81 and b?
27
Let o = -52 + 92. What is the highest common factor of 25 and o?
5
Let m be 9067020/3031 + (-2)/(-21)*6. What is the highest common divisor of 110 and m?
22
Suppose 0 = 4*a + 137 - 145. Let s be a/(1 + (-138)/144). What is the greatest common divisor of s and 16?
16
Let d = -50 - -70. Let q = d + 11. Suppose v - 3*a - 50 = -5, -v + q = 4*a. Calculate the greatest common factor of v and 52.
13
Suppose 5*n + 5*k - 1640 = 0, 18*n - 22*n + 1240 = -5*k. What is the greatest common divisor of 3392 and n?
64
Let r(a) = -a**3 + 12*a**2 - 12*a + 35. Let k be r(11). Suppose -k*o + 525 = -219. Calculate the highest common factor of o and 527.
31
Let m = -236 + 53. Let v = -174 - m. Let q be 2 + 3/(-1) + 4. Calculate the highest common divisor of q and v.
3
Let t = -3010 - -8986. Calculate the greatest common factor of 72 and t.
72
Suppose 29*i = 28*i + 2214. What is the highest common divisor of 162 and i?
54
Let d be (1 - (-2 - (-8)/4))*-54. Let k be ((-16926)/d)/7 - 6/(-27). What is the greatest common factor of k and 30?
15
Suppose 679*v = 685*v - 6708. Calculate the highest common divisor of v and 258.
86
Suppose -6*n = 2*k - 382, n + 0 + 3 = 0. Suppose -k*m = -202*m + 32. Calculate the highest common factor of m and 2.
2
Let z(m) = -m**3 + 23*m**2 + 209*m - 1532. Let l be z(7). What is the greatest common divisor of 15873 and l?
143
Suppose -2*h = -4*x + 41 + 17, 2*h = -4*x + 70. Suppose 510 = x*o + o. What is the greatest common factor of 30 and o?
30
Let p(i) = 2*i**2 + 64*i + 198. Let h be p(0). Let a = 7 + 11. What is the greatest common factor of h and a?
18
Suppose -37608 = -58*s - 24848. Suppose 0*i = 3*i - 420. What is the greatest common divisor of s and i?
20
Suppose 6*u - 1530 = -0*u. Let z = 471 - u. Let v = -153 + z. Calculate the highest common divisor of v and 18.
9
Let u = 408 - 404. Let a(f) = 2*f + 2. Let n be a(u). What is the greatest common divisor of 25 and n?
5
Suppose 2*m + 14 = c + 3, m = -5*c + 77. Suppose c*i - 1701 = 12*i. What is the greatest common factor of 7 and i?
7
Let z(u) = 6*u**2 - 28*u + 132. Let t be z(13). What is the greatest common divisor of t and 680?
34
Suppose 2*z = g + 73, 3*g = -2 - 1. Suppose l = 4*l - 135. Suppose -2*y + l = -63. What is the highest common divisor of y and z?
18
Let j(y) = 2*y**2 + 33*y + 146. Let z be j(-6). What is the highest common factor of z and 2630?
10
Suppose 4*u - 946 = 4*p + 246, -4*p + 288 = u. Calculate the highest common divisor of u and 3478.
74
Suppose -3*p = 3*f - 192, -19*p + 23*p - 4*f = 248. Let b(a) = a + 4. Let g be b(5). What is the highest common factor of g and p?
9
Let z be ((-1002)/(-4))/(17/102). Suppose z = 2*l + 909. Calculate the highest common factor of l and 9.
9
Suppose -14 + 38 = -6*t. Let o be t*-26*((-99)/(-24) - 4). Suppose 3*d - 253 = 98. Calculate the greatest common divisor of d and o.
13
Let i = -5910 - -7553. Calculate the greatest common divisor of 318 and i.
53
Let h be (-2 + 1)/(1/(735/(-5))). Let i = 1005 + -991. What is the highest common divisor of h and i?
7
Let a(y) = y + 33. Let w(d) = -33. Let u(g) = -5*a(g) - 4*w(g). Suppose -44 = -18*c + 22*c. Let b be u(c). Calculate the greatest common divisor of b and 33.
11
Suppose 6*p + 208 - 658 = 0. Suppose -72*h = -p*h + 36. Calculate the highest common divisor of h and 150.
6
Suppose 0 = 2*b + 58*b - 240. Suppose 4*c = n + 1 + 150, 3*c - b*n = 110. What is the highest common divisor of 38 and c?
38
Let a(k) be the first derivative of -20 - 13*k + k**2 + 7*k + 21*k + k**3. Let w be a(7). What is the highest common divisor of 16 and w?
16
Suppose -184*t + 3069 = -173*t. Calculate the highest common factor of 1023 and t.
93
Let s = -121 - -173. Let y = s + -45. Suppose r - 15 - y = 0. What is the highest common divisor of r and 44?
22
Let k(d) = 2*d**2 - 99*d + 2127. Let p be k(19). What is the highest common factor of 3 and p?
1
Let k be (2 - -1) + 5 + 11. Let d(v) = -2*v**2 + 26*v - 23. Let m be d(11). Let g = m - -74. What is the highest common factor of g and k?
19
Let v(r) = r**3 - 23*r**2 - 14*r - 25. Let z be v(24). What is the highest common factor of z and 135?
5
Suppose 90 = 6*j + 12. Suppose -187 = -22*f + 1243. Calculate the highest common divisor of f and j.
13
Suppose 388 = 3*j - 5*f, 7*f + 416 = 3*j + 9*f. Calculate the highest common divisor of 7208 and j.
136
Let v(m) = 567*m - 2210. Let h be v(5). Calculate the greatest common factor of h and 5.
5
Let v be -5 + -28*265/(-20). Suppose 360*l + 9108 = v*l. What is the highest common factor of 66 and l?
66
Let k = 76 - 74. Suppose -22 = -k*u + 2. What is the greatest common divisor of 156 and u?
12
Suppose 4*a - 200 = 248. Suppose 207 = 38*t - 37*t. Let s = t + -179. Calculate the highest common factor of s and a.
28
Let v be (1*(0 + -1))/(-1). Suppose f + 42 = -3*q + 34, 0 = 3*q + 5*f + 16. Let l be v/(q/3 - 38/(-48)). What is the highest common factor of l and 40?
8
Let l = 657 + -577. Suppose 5 = 3*y - 2*g, -4*y = -3*y - 3*g + 10. Let q = l - y. What is the greatest common divisor of q and 15?
15
Let u be (45/81)/(5/6) - 2316/(-36). Let v be (-26)/(-4)*6/1. Calculate the highest common divisor of u and v.
13
Suppose 0 = 5*d - 4*z - 125, 0 = 5*d - 79*z + 76*z - 120. What is the greatest common factor of d and 168?
21
Let m(i) = -i**3 - 136*i**2 - i + 9393. Let p be m(0). What is the greatest common divisor of 31 and p?
31
Let m be (-31)/(-5) - (8/20)/2. Let i = -15 - m. Let f(w) = w**3 + 20*w**2 - 23*w - 10. Let h be f(i). Calculate the greatest common factor of 16 and h.
16
Suppose -15 = -f - 2*q, 3*f - 198 = 2*q - 97. Calculate the highest common divisor of 41 and f.
1
Let i be (4 - 396/(-16))/(35/3780). What is the highest common factor of 20 and i?
5
Suppose -2*c + 7*c - 295 = -4*b, 4*b = 3*c - 145. Let f = 185148 - 185071. What is the greatest common factor of c and f?
11
Suppose -10*p = -3*x - 5*p + 22, 4*p + 24 = 4*x. Suppose -y - 3*c + 3618 = 3*y, -2*y = x*c - 1814. What is the highest common divisor of 21 and y?
21
Let w = -1545 - -1753. What is the greatest common divisor of w and 2272?
16
Suppose 4*v - 2*t = 118, -3*t - 17 = v - 57. Let f = -3033 + 3126. What is the greatest